pose -2*d - 14 = -2*o, -d = -4*o - 0*o + 13. Is j(o) prime?
True
Suppose -3*l = -2*l - g - 3, -3*l - g + 5 = 0. Suppose -2*h - 4*q + 3654 = 0, -l*h - 2*q + q + 3666 = 0. Is h composite?
True
Let d be ((-5)/(-10))/((-3)/((-36)/1)). Suppose d*l = 2*l - t + 1471, t - 3 = 0. Is l a prime number?
True
Let l = -44 + 52. Suppose -5*u + l*u - 3801 = 0. Suppose 2*f - 489 = 2*i - 3007, i = -f + u. Is i a prime number?
False
Let m(p) = -26*p**3 - 3*p**2 - 4*p - 10. Let j be m(5). Let f = j + 5904. Suppose r + 2*r + 2574 = 3*g, 3*g + 2*r - f = 0. Is g a prime number?
True
Let q(a) = -4316*a + 121. Is q(-6) a composite number?
False
Let g = 80 + -77. Suppose 0*n = 2*n + g*s - 9707, 2*n - 9737 = 3*s. Is n a composite number?
False
Suppose 0 = -0*d - 4*d + 4. Suppose -28 = -3*l - d. Suppose -l*k + 26630 = -10747. Is k prime?
True
Suppose 11*d = -126786 + 40018. Let r = -5103 - d. Is r a prime number?
False
Let a(v) = 24720*v**2 + 11*v + 5. Is a(2) a composite number?
True
Is 206746*(3 - (-810)/72*4/(-18)) a composite number?
True
Let j(d) = -9 + 5*d + 5*d**3 + 19 + 6*d**2 - 13*d. Let p(k) = -5*k**3 - 7*k**2 + 8*k - 9. Let m(w) = -3*j(w) - 4*p(w). Is m(7) prime?
False
Suppose -z - 16872 = 2*n - 90365, 5*z - n = 367465. Is z a prime number?
False
Let z(h) be the third derivative of -337*h**6/10 - h**4/12 - h**3/6 - 54*h**2. Is z(-1) a composite number?
True
Let x(g) = -g**3 - 64*g**2 + 154*g + 369. Is x(-88) a prime number?
True
Suppose 17*p - 2*v - 64663 = 14*p, 7*p + 4*v - 150837 = 0. Is p a composite number?
True
Suppose 0 = -2*l + 7*l + 10. Is 1/((-10)/388)*(-7 - l) a composite number?
True
Let n(q) = -11312*q + 1353. Is n(-23) composite?
False
Let s(a) = a**2 + 19*a + 22. Let h be s(-17). Let t be h/(-66) + (-31)/(-11). Suppose -4*p - 1067 - 3493 = -4*g, 0 = 3*g + t*p - 3450. Is g a prime number?
False
Suppose -43 + 28 = -3*a. Suppose -3*d = -a*x - 3351, -5*x + 57 = d - 1060. Is d a composite number?
False
Let y = 11650 - -6469. Is y composite?
False
Is 9656 + 2 + (19 - 28) composite?
False
Suppose -13999 - 186535 = -8*f + 255842. Is f a prime number?
True
Let d = -1 + -1. Let o be (-1 - (-18021)/3)*1/d. Let p = o + 4276. Is p a prime number?
False
Let v = -29 + 28. Let y be ((2 + -3)*5)/v. Suppose y*f - 5*a - 574 = -2*a, -3*f - 3*a + 330 = 0. Is f a composite number?
False
Suppose 233532 = 8*r + 47204. Let s = 41608 - r. Is s prime?
False
Let s(d) = d**2 - 10. Let g be s(0). Let z = -15035 - -15035. Is 1357 + (g - -9 - (z - 5)) composite?
False
Let k(f) = -512 + 248 + 241 - 29*f + 53*f**2. Is k(-8) composite?
True
Suppose -4 = a, 5*m - 5*a - 197862 - 21643 = 0. Suppose -58*y + 65*y = m. Is y composite?
False
Suppose 12*q - 28 = -112. Let n be -2*((-6)/4)/1. Is -3*(36544/(-42) - n/q) a prime number?
True
Let a be (1 - 2)*7/((-42)/114). Suppose -4 = -4*v, -11414 = a*b - 22*b - 5*v. Is b a prime number?
True
Is (-305)/488 - (-4075828)/32 prime?
False
Let p(x) = 2087*x - 31. Is p(48) composite?
True
Suppose 5*n = -6*w + 8*w + 173130, -2*n + 69261 = w. Suppose -18*b + 43285 = -13*b - s, 4*b - s = n. Is b a prime number?
False
Let y be ((-2)/(-6))/(3/27). Suppose -2*c = 8, 2*n = -y*n + 5*c + 310. Let s = n + 21. Is s prime?
True
Suppose 0 = 435*t - 272*t - 61133965. Is t a prime number?
False
Suppose 4*u - 63 = -5*r - 28, r - 3*u = -12. Let w be (-2)/r*3*(-3)/(-6). Is (w - 794/(-11)) + (-12)/66 composite?
False
Suppose -t + 8 = -0. Suppose 0 = -10*j + t*j + 4. Suppose 4*u - 633 = -2*i + 1261, -5*i + j*u + 4699 = 0. Is i a prime number?
True
Suppose -9*m + 7*m = -4. Suppose m*x - l = 9, 0 = 2*x - 5*l - 0*l + 3. Is ((-14)/x)/(3/(-369)) prime?
False
Suppose 4*j - 3*d + 6 = -12, 2*d = -4*j - 8. Is (j*(-1)/(-3))/(5/(-11665)) prime?
True
Let k be 0 + 0 - (-4 - 0). Suppose k*l - 32 = -4. Let u = -3 + l. Is u prime?
False
Let x = 1570 + -569. Let o = x + 8612. Is o a prime number?
True
Let x = -20315 - -82422. Is x a prime number?
False
Let v = 58 + -56. Suppose -4*q + 2*y = -804, 0 = v*q + y + 4*y - 426. Suppose -4*o = 3*m - 624 + q, m = -3*o + 322. Is o a prime number?
True
Let c = -94 - -107. Suppose -c*n = -2*n - 462. Suppose -40*h + n*h = 7982. Is h prime?
False
Let o = -283695 + 430768. Is o a composite number?
False
Let m be 138/((12/15)/(8/(-20))). Is m/(-21) + -3 + (-1668960)/(-224) prime?
True
Let z be (231/28)/(1/4). Suppose z - 63 = -5*v. Suppose -v*o + 488 = -490. Is o composite?
False
Suppose 4*m - k - 23 = 2*m, -5*m + 68 = k. Suppose g - 17 + m = 0. Suppose -g*t - 2*x + 4646 = 0, 4664 = 4*t + 2*x - 6*x. Is t a composite number?
False
Let o = 5040 + 12737. Is o a prime number?
False
Suppose -1427*p = -1591*p + 109957244. Is p prime?
True
Suppose 0 = -5*h - 4*f + 34, -3*f - 13 = -2*h - 4*f. Suppose -3*v - 16281 = -h*v + 4*u, 0 = 2*v - 3*u - 10853. Is v a composite number?
False
Suppose -5*t - v + 7 = 0, -3*v - 3 = 5*t - 2*t. Suppose 5*n - 20953 - 17987 = -5*g, t*g - 15569 = 5*n. Is g a composite number?
True
Let k = 67916 + 41775. Is k composite?
True
Suppose 4*g - 11*g = 4*g. Suppose 2*p = -g*a - 4*a + 580, -5*a = p - 278. Is p composite?
True
Is 1640/(-3280) - (0 - 16595/2) composite?
False
Let v(f) = -4029704*f**3 - f**2 - 170*f - 170. Is v(-1) a prime number?
True
Let u(w) = -417*w - 7. Let z(a) = 834*a + 15. Let x = -106 - -95. Let m(r) = x*u(r) - 6*z(r). Is m(-2) composite?
False
Let i(s) = -103*s + 139. Let m(h) = -h. Let o(t) = i(t) + 5*m(t). Is o(-6) a prime number?
True
Suppose -40016 - 1271569 = -15*f. Is f composite?
True
Suppose 100000 = 5*a + 5*z, -a = a + 4*z - 39998. Suppose -a - 61821 = -26*p. Is p a composite number?
True
Let m = -261849 - -629276. Is m a prime number?
True
Let r be ((-14 - -12) + 4488/(-1))/(-1). Is (-1)/(1*(-2)/r) prime?
False
Suppose 3*x + 19*c - 53454 = 24*c, 2*x = -2*c + 35652. Let h = x + -10586. Is h a prime number?
True
Let u = 90 - 61. Let w = 29 - u. Suppose w = 3*p - 1024 - 2609. Is p prime?
False
Let g = -6364 - -2525. Let v = g - -6834. Is v prime?
False
Is ((-597745)/(-4))/((-9)/(-36)) a prime number?
False
Let t(f) = -f**2 + 11*f - 11. Let z be t(9). Suppose -d - z*d + 5960 = 0. Is d prime?
False
Let x(f) = -f - 10. Let y be x(-5). Let z(c) = -65*c**2 + 2*c + 39. Let k(p) = -43*p**2 + p + 26. Let l(r) = y*z(r) + 7*k(r). Is l(-6) a composite number?
True
Let b(u) = -u**3 + 15*u**2 + 9*u + 59. Let a(l) = -2*l**3 + 30*l**2 + 18*l + 118. Let z(n) = 3*a(n) - 5*b(n). Is z(14) a prime number?
False
Suppose -b + 670379 = 3*s + b, b - 1117303 = -5*s. Suppose -8*h = 13*h - s. Is h prime?
False
Let r be ((-5808)/20 - -5)/(2/(-10)). Suppose 12193 = -12*v - r. Let b = 504 - v. Is b a composite number?
True
Suppose -32*a - 34*a + 4561194 = 0. Is a a composite number?
False
Let q = -374 + 377. Let p(t) be the third derivative of t**6/24 + t**4/8 + t**3/3 - 7*t**2. Is p(q) a composite number?
True
Suppose 3*s = -5*d + 58871, 3*d + 3377 = 2*s - 35864. Is s a prime number?
False
Let a(l) = 4*l**2 + l - 1. Suppose 5*c = 41 - 1. Is a(c) composite?
False
Let a be ((-2)/(-4))/((-2)/(-20)). Let t be 1 + -1 - 9365/a. Let s = 24 - t. Is s a composite number?
True
Let c be -2 - 0/(-5 - -7 - 6). Let o(r) = -r**3 - 9*r**2 - 7*r + 5. Let x be o(-8). Is c/(x - 1)*974 prime?
True
Is 12*-1 - (-462748)/52 a composite number?
False
Suppose 2*p - 5880 - 1968 = 0. Let r = -497 + p. Is r prime?
False
Let m(u) be the third derivative of 5/6*u**3 + 1/12*u**4 + 24*u**2 + 3/10*u**5 + 0*u + 0. Is m(-5) a composite number?
True
Suppose -2*y + 3*y = -3*y. Suppose 2*s - 5*o + 17 = -y, 4 = 4*o. Let d(r) = 21*r**2 - 2*r - 31. Is d(s) a composite number?
True
Let t(s) = -5*s - 17. Let d be t(-4). Suppose 2*z + 5*y = 5*z - 301, 341 = d*z + 5*y. Let l = z - -200. Is l a composite number?
False
Suppose -63*g + 65*g = -5*i + 1597321, -3*i + 2*g + 958367 = 0. Is i prime?
False
Let d(q) = 31*q**2 + 4*q + 1. Let m be d(5). Suppose 0*l - 516 = -2*n - 5*l, -2*l + m = 3*n. Let g = 2371 - n. Is g a prime number?
False
Let m(c) = -3*c - 7. Let v be m(4). Let r be v/(-4) - (-3)/(-4). Suppose 10*j + r*j = 13286. Is j composite?
True
Suppose 0 = q + 4*y, 7*q = 6*q + 5*y + 18. Suppose 0 = q*t - 2676 - 2740. Is t a composite number?
False
Let y be 10/90 + (-1 - (-7852)/(-36)). Let q = y + 592. Is q composite?
False
Let m = -27 + 7. Let c be ((-24)/5)/(-4*(-1)/m). L